9. What is the greatest common divisor of x and 30?
10
Let l be ((-6)/(-5))/((-6)/(-30)). Let h be (3/l)/(5/100). Calculate the greatest common divisor of h and 15.
5
Let l(r) = -3*r**3 - 2*r**2 + 2*r + 4. Suppose -5*n + 9 - 19 = 0. Let d be l(n). Calculate the greatest common factor of d and 208.
16
Let b be (-5)/((-16)/4 + 3). Let t(o) = 11*o**2 - 3*o + 2. Let i be t(2). What is the greatest common factor of b and i?
5
Let q be (63/6)/(6/40). Let j = q + -38. Let m(n) = -38*n + 26. Let u be m(-1). What is the highest common factor of j and u?
32
Let r(i) = i**2 - 16*i - 62. Let l be r(-7). What is the highest common divisor of 11 and l?
11
Suppose -2*m = 32 + 376. Let q be (-2)/3 - m/9. What is the highest common divisor of 22 and q?
22
Let r = -2674 - -3155. What is the highest common divisor of 370 and r?
37
Let d be (13 - 11)/(6/63). Suppose -3*t - 6 = -0*t. Let c be ((-27)/t)/(d/28). What is the highest common divisor of c and 72?
18
Suppose 5*y = -92 + 632. Calculate the highest common factor of y and 48.
12
Let a = -45 - -136. Let u = -226 - -265. What is the greatest common factor of a and u?
13
Suppose 10*c + 75 = 5*c + 4*k, 3*k = 3*c + 45. Let r = 17 + c. Calculate the greatest common factor of 18 and r.
2
Suppose 0 = h + h - 112. Suppose 3*a + a + 164 = 4*w, -2*a - 91 = w. Let s = -30 - a. Calculate the highest common factor of s and h.
14
Suppose -p = -3*l - 454, -24*l - 434 = -p - 26*l. What is the greatest common factor of p and 102?
34
Let y be (-680)/(-4)*(2 + 0). What is the highest common divisor of 20 and y?
20
Let d(t) = 3*t**2 + 10*t - 6. Let l be d(-5). What is the greatest common divisor of l and 1?
1
Let y be 3/(-4) + 268/16 + 2. Let u(a) = -144*a. Let w be u(-1). What is the greatest common divisor of y and w?
18
Let a(u) be the third derivative of 5*u**4/24 - 3*u**3/2 + 19*u**2. Let h be a(6). What is the greatest common factor of h and 7?
7
Let s = 2 - -20. Let f = -29 + 51. What is the highest common factor of s and f?
22
Let d be -84*((0 - 3) + (-4)/(-1)). Let j be (-1904)/d - (2 - 4)/6. What is the highest common divisor of j and 23?
23
Let s be 24*((-2)/8 + 528/192). Calculate the highest common divisor of s and 690.
30
Let f(v) be the second derivative of 1/4*v**4 + 4/3*v**3 + 3*v + 0 + 7/2*v**2. Let w be f(-5). What is the highest common divisor of w and 7?
7
Let v(f) = 14*f - 25. Let y be v(3). What is the greatest common factor of 68 and y?
17
Let z = 28 - 11. Suppose -4*i - 13 = -2*o + z, 3*o = i + 70. What is the greatest common factor of 275 and o?
25
Let v = 565 + -530. What is the highest common factor of 14 and v?
7
Let c(i) = 12*i**2 + 2*i + 24. Let k be c(0). Let j = -26 + 146. Calculate the highest common factor of j and k.
24
Let u(g) = -2*g**3 - 43*g**2 + 31*g + 76. Let o be u(-23). Calculate the highest common divisor of 38 and o.
38
Let f = 8 - 5. Suppose 3*v - 2*j = 50, 2*v + 5*j - f = 5. Suppose 157*r + 26*r - 5145 = 36*r. Calculate the highest common divisor of v and r.
7
Suppose -3*x + 70 = -x. Let g = 320 - 145. What is the greatest common factor of g and x?
35
Suppose 7*h - 1135 - 685 = 0. Calculate the greatest common divisor of 52 and h.
52
Let b be 48 + -1 - (2 - 1). Let l(i) = -i**3 - 31*i**2 - 33*i - 67. Let p be l(-30). What is the greatest common factor of b and p?
23
Let d = -121 - -156. Suppose -d = -6*g + 121. Calculate the highest common divisor of 4 and g.
2
Let b(y) = y**3 + 3*y**2 - 7*y - 2. Let f be b(-4). Suppose -u + 5*k + 15 = 0, 99 = u + 2*u + 3*k. Calculate the highest common divisor of f and u.
10
Let n(g) = 4*g**2 + 2. Let s be n(-2). Let h be 2642/s - 28/(-126). What is the highest common factor of 21 and h?
21
Suppose 5*u + 56 = g, 2*u - 5*u + 60 = 2*g. Calculate the greatest common divisor of g and 1314.
18
Suppose 0 = 4*b - 16. Suppose -b*y + 196 = -552. Suppose 0*k = 5*u - 4*k - 97, 63 = 3*u - 4*k. What is the highest common factor of u and y?
17
Let r be (-180)/16*(-1 - (-51)/(-9)). What is the highest common factor of r and 575?
25
Let q be 437/5 + (-25)/(1750/28). Calculate the greatest common factor of q and 464.
29
Let r be 177 + 2 - (3 + -8). Calculate the greatest common divisor of r and 23.
23
Suppose 2*i = -2802 + 9900. What is the highest common divisor of i and 21?
21
Let v(c) = -21 - 6*c + 8 - 7*c**2 + c**3 + 18. Let n be v(8). Let p be 308/6*(-18)/(-4). Calculate the highest common factor of p and n.
21
Suppose 6*g = 592 - 160. Let l be 1 - -4 - 4/4. Suppose -l*s = -2 - 6, 4*s + 28 = 4*d. What is the greatest common divisor of d and g?
9
Let v(x) = -x**3 - 18*x**2 - 18*x - 12. Let i be v(-17). What is the greatest common divisor of i and 865?
5
Let z be 272/102*99/2. What is the highest common divisor of 88 and z?
44
Suppose -4*q = 5*z - 75, -z = -2*z - 5*q - 6. Suppose -3*t - 2640 = -z*t. Calculate the highest common divisor of 15 and t.
15
Let f be 4 + 5 + 445 + -4. Calculate the highest common divisor of 9 and f.
9
Let a = -341 + 382. Calculate the highest common factor of 615 and a.
41
Let f(j) = j**2 - 3*j + 309. Let n be f(0). What is the greatest common divisor of 206 and n?
103
Let i be -2 + 8 + 100 + -2. What is the highest common divisor of 24 and i?
8
Suppose -4*a = -5*r + 4*r - 6, 3*a = -4*r - 43. Let g be 0/12 - (r + 0). Let o = 9 + 6. What is the highest common factor of o and g?
5
Let n be 2/6 + (-58)/(-6). Let l(i) = 20*i + 380. Let o be l(-18). What is the greatest common factor of o and n?
10
Let v = 395 - 365. Calculate the greatest common factor of v and 75.
15
Let l be -57 - 2 - (2 + -1). Let d be 4/(-10) - -3*(-68)/l. What is the greatest common factor of d and 21?
3
Let n = -30 - -28. Let z be (n/3)/(10/(-105)). Let g be 6/(-15) + (-212)/(-5). What is the highest common divisor of z and g?
7
Let t = 80 + -8. Suppose t*w - 75*w = -42. Calculate the highest common divisor of w and 14.
14
Let q(b) = 36*b**2 - 24*b - 16. Let n be q(2). Calculate the greatest common divisor of 680 and n.
40
Let g be ((-15)/6)/((-3)/66). Let t(q) = q**2 - 4. Let p be t(3). Calculate the greatest common divisor of p and g.
5
Suppose 5944 = 28*n - 104. What is the highest common factor of 48 and n?
24
Let j = -1138 - -1362. What is the highest common divisor of j and 252?
28
Suppose 2*q = 2*g + 24, 0*g - 4*g + 6 = 2*q. Let s be (-6)/39 - 45/(-39). Calculate the greatest common divisor of s and q.
1
Let v(x) = -x**3 + 14*x**2 + 3*x - 6. Let o be v(6). Suppose -3*b = 4*w - o, b = w - 3*b - 56. What is the greatest common factor of 18 and w?
18
Let n be 1*75 - (-2)/1. Let v be (3212/(-219))/((2/6)/((-2)/4)). Calculate the highest common divisor of n and v.
11
Suppose -5*x + 32 = -843. What is the highest common factor of 35 and x?
35
Let o be 1089/(-12)*-1 - (-18)/(-24). What is the greatest common factor of o and 330?
30
Let q(r) = 3*r - 2*r - 3*r + r + 42. Let b be q(24). Calculate the highest common divisor of b and 2.
2
Suppose 3*r + 4*i = 1582, 4*r - 2108 = i - 6*i. What is the greatest common factor of r and 58?
58
Suppose 0 = c - 3*c + 30. Let d be (-1)/((c/35)/(-3)). What is the greatest common divisor of 49 and d?
7
Let i be (-819)/(-14)*112/24. What is the highest common factor of i and 42?
21
Let a be 75 - ((-2)/(-5) + (-7)/5). Suppose 0 = -3*k - 2*v + 244, 2*k - k = 2*v + a. Calculate the highest common factor of 10 and k.
10
Let f(j) = j**2 + 4*j - 6. Let y = 27 + -11. Let z = 10 - y. Let l be f(z). Calculate the greatest common factor of l and 9.
3
Suppose 0 = 6*m - 68 - 1828. What is the highest common divisor of m and 4?
4
Let f(u) = u**3 - 9*u**2 - 11*u + 17. Let x be f(10). What is the highest common divisor of 1 and x?
1
Suppose -42 = -0*z - 7*z. Suppose 6 = 120*x - 118*x. Calculate the greatest common divisor of x and z.
3
Let h = -887 - -957. What is the greatest common divisor of h and 210?
70
Let s = 107 - -318. Calculate the greatest common divisor of 25 and s.
25
Suppose -151*s + 3*i - 125 = -152*s, 4*i - 680 = -5*s. What is the highest common factor of s and 644?
28
Suppose 5*g - 318 = -8. Suppose -2*o - 2*c = -808, -3*o + c + 2014 = 2*o. Suppose -6*z + o = 7*z. Calculate the greatest common divisor of g and z.
31
Suppose -11*b + 550 = -7*b - 2*p, -265 = -2*b + 3*p. What is the greatest common divisor of 490 and b?
70
Suppos